{"id":633,"date":"2022-03-18T08:27:00","date_gmt":"2022-03-18T08:27:00","guid":{"rendered":"https:\/\/berichte.luftqualitaet.ch\/22\/?page_id=633"},"modified":"2022-04-27T07:46:46","modified_gmt":"2022-04-27T07:46:46","slug":"liens","status":"publish","type":"page","link":"https:\/\/berichte.luftqualitaet.ch\/22\/fr\/liens\/","title":{"rendered":"Links FR"},"content":{"rendered":"\t\t<div data-elementor-type=\"wp-page\" data-elementor-id=\"633\" class=\"elementor elementor-633\">\n\t\t\t\t\t\t\t\t\t<section class=\"elementor-section elementor-top-section elementor-element elementor-element-45709807 elementor-section-boxed elementor-section-height-default elementor-section-height-default\" data-id=\"45709807\" data-element_type=\"section\">\n\t\t\t\t\t\t<div class=\"elementor-container elementor-column-gap-default\">\n\t\t\t\t\t<div class=\"elementor-column elementor-col-100 elementor-top-column elementor-element elementor-element-2dc0aca5\" data-id=\"2dc0aca5\" data-element_type=\"column\">\n\t\t\t<div class=\"elementor-widget-wrap elementor-element-populated\">\n\t\t\t\t\t\t\t\t<div class=\"elementor-element elementor-element-b0848e9 elementor-widget elementor-widget-heading\" data-id=\"b0848e9\" data-element_type=\"widget\" data-widget_type=\"heading.default\">\n\t\t\t\t<div class=\"elementor-widget-container\">\n\t\t\t<style>\/*! elementor - v3.6.3 - 12-04-2022 *\/\n.elementor-heading-title{padding:0;margin:0;line-height:1}.elementor-widget-heading .elementor-heading-title[class*=elementor-size-]>a{color:inherit;font-size:inherit;line-height:inherit}.elementor-widget-heading .elementor-heading-title.elementor-size-small{font-size:15px}.elementor-widget-heading .elementor-heading-title.elementor-size-medium{font-size:19px}.elementor-widget-heading .elementor-heading-title.elementor-size-large{font-size:29px}.elementor-widget-heading .elementor-heading-title.elementor-size-xl{font-size:39px}.elementor-widget-heading .elementor-heading-title.elementor-size-xxl{font-size:59px}<\/style><h2 class=\"elementor-heading-title elementor-size-default\">\u2014 LIENS SUPPL\u00c9MENTAIRES \u2014<\/h2>\t\t<\/div>\n\t\t\t\t<\/div>\n\t\t\t\t<div class=\"elementor-element elementor-element-be48623 elementor-widget elementor-widget-heading\" data-id=\"be48623\" data-element_type=\"widget\" data-widget_type=\"heading.default\">\n\t\t\t\t<div class=\"elementor-widget-container\">\n\t\t\t<h2 class=\"elementor-heading-title elementor-size-default\">INFORMATIONS COMPL\u00c9MENTAIRES<\/h2>\t\t<\/div>\n\t\t\t\t<\/div>\n\t\t\t\t\t<\/div>\n\t\t<\/div>\n\t\t\t\t\t\t\t<\/div>\n\t\t<\/section>\n\t\t\t\t<section class=\"elementor-section elementor-top-section elementor-element elementor-element-0923f5c elementor-section-boxed elementor-section-height-default elementor-section-height-default\" data-id=\"0923f5c\" data-element_type=\"section\">\n\t\t\t\t\t\t\t<div class=\"elementor-background-overlay\"><\/div>\n\t\t\t\t\t\t\t<div class=\"elementor-container elementor-column-gap-default\">\n\t\t\t\t\t<div class=\"elementor-column elementor-col-100 elementor-top-column elementor-element elementor-element-e62255c\" data-id=\"e62255c\" data-element_type=\"column\" data-settings=\"{&quot;background_background&quot;:&quot;classic&quot;}\">\n\t\t\t<div class=\"elementor-widget-wrap elementor-element-populated\">\n\t\t\t\t\t\t\t\t<div class=\"elementor-element elementor-element-6c10239 elementor-widget elementor-widget-heading\" data-id=\"6c10239\" data-element_type=\"widget\" data-widget_type=\"heading.default\">\n\t\t\t\t<div class=\"elementor-widget-container\">\n\t\t\t<h2 class=\"elementor-heading-title elementor-size-default\">Donn\u00e9es actuelles sur la qualit\u00e9 de l\u2019air<\/h2>\t\t<\/div>\n\t\t\t\t<\/div>\n\t\t\t\t<div class=\"elementor-element elementor-element-8498d94 elementor-widget elementor-widget-text-editor\" data-id=\"8498d94\" data-element_type=\"widget\" data-widget_type=\"text-editor.default\">\n\t\t\t\t<div class=\"elementor-widget-container\">\n\t\t\t<style>\/*! elementor - v3.6.3 - 12-04-2022 *\/\n.elementor-widget-text-editor.elementor-drop-cap-view-stacked .elementor-drop-cap{background-color:#818a91;color:#fff}.elementor-widget-text-editor.elementor-drop-cap-view-framed .elementor-drop-cap{color:#818a91;border:3px solid;background-color:transparent}.elementor-widget-text-editor:not(.elementor-drop-cap-view-default) .elementor-drop-cap{margin-top:8px}.elementor-widget-text-editor:not(.elementor-drop-cap-view-default) .elementor-drop-cap-letter{width:1em;height:1em}.elementor-widget-text-editor .elementor-drop-cap{float:left;text-align:center;line-height:1;font-size:50px}.elementor-widget-text-editor .elementor-drop-cap-letter{display:inline-block}<\/style>\t\t\t\t<p class=\"p1\">\u2013 <a href=\"https:\/\/luftqualitaet.ch\/qualite_air\" target=\"_blank\" rel=\"noopener\">www.luftqualitaet.ch (AG, BE, BL, BS, JU, SO)<\/a><br \/>\u2013 <a href=\"https:\/\/cerclair.ch\/fr\/aircheck\" target=\"_blank\" rel=\"noopener\">Application \u00abairCHeck\u00bb<\/a><br \/>\u2013 <a href=\"https:\/\/www.meteosuisse.admin.ch\/home\/service-et-publications\/conseil-et-service\/l-app-de-meteosuisse.html\" target=\"_blank\" rel=\"noopener\">Application de M\u00e9t\u00e9oSuisse (contient d\u00e9sormais<\/a><br \/>des informations sur la qualit\u00e9 de l\u2019air)<br \/>\u2013 <a href=\"http:\/\/www.luft-am-oberrhein.net\/\" target=\"_blank\" rel=\"noopener\">Espace du Rhin sup\u00e9rieur: www.luft-am-oberrhein.net<\/a><\/p>\t\t\t\t\t\t<\/div>\n\t\t\t\t<\/div>\n\t\t\t\t<div class=\"elementor-element elementor-element-f634321 elementor-widget elementor-widget-heading\" data-id=\"f634321\" data-element_type=\"widget\" data-widget_type=\"heading.default\">\n\t\t\t\t<div class=\"elementor-widget-container\">\n\t\t\t<h2 class=\"elementor-heading-title elementor-size-default\">Autres informations sur la qualit\u00e9 de l\u2019air<\/h2>\t\t<\/div>\n\t\t\t\t<\/div>\n\t\t\t\t<div class=\"elementor-element elementor-element-b5546e7 elementor-widget elementor-widget-text-editor\" data-id=\"b5546e7\" data-element_type=\"widget\" data-widget_type=\"text-editor.default\">\n\t\t\t\t<div class=\"elementor-widget-container\">\n\t\t\t\t\t\t\t<p class=\"p1\">\u2013 <a href=\"https:\/\/feinstaub.ch\/fr\/\" target=\"_blank\" rel=\"noopener\">www.feinstaub.ch<\/a><br \/>\u2013 <a href=\"https:\/\/ozon-info.ch\/fr\/\" target=\"_blank\" rel=\"noopener\">www.ozon-info.ch<\/a><br \/>\u2013 <a href=\"https:\/\/www.bafu.admin.ch\/bafu\/fr\/home\/themes\/air.html\" target=\"_blank\" rel=\"noopener\">www.bafu.admin.ch\/air<\/a><br \/>\u2013 <a href=\"https:\/\/explor-air.ch\/\" target=\"_blank\" rel=\"noopener\">www.explor-air.ch<\/a><br \/>\u2013 <a href=\"https:\/\/www.swisstph.ch\/fr\/projects\/ludok\/healtheffects\/\" target=\"_blank\" rel=\"noopener\">www.swisstph.ch\/de\/projects\/ludok\/healtheffects\/<\/a><br \/>\u2013 <a href=\"https:\/\/www.ag.ch\/de\/verwaltung\/bvu\/umwelt-natur-landschaft\/umwelt\" target=\"_blank\" rel=\"noopener\">Kanton Aargau: www.ag.ch\/umwelt<\/a><br \/>\u2013 <a href=\"https:\/\/www.baselland.ch\/politik-und-behorden\/direktionen\/bau-und-umweltschutzdirektion\/lufthygiene\" target=\"_blank\" rel=\"noopener\">Kantone Basel-Landschaft und Basel-Stadt: www.basler-luft.ch<\/a><br \/>\u2013 <a href=\"https:\/\/www.weu.be.ch\/fr\/start\/themen\/umwelt\/luft-laerm-strahlung\/luft.html\" target=\"_blank\" rel=\"noopener\">Canton de Bern: www.be.ch\/luft<\/a><br \/>\u2013 <a href=\"https:\/\/www.jura.ch\/air\" target=\"_blank\" rel=\"noopener\">Canton de Jura: www.jura.ch\/air<\/a><br \/>\u2013 <a href=\"https:\/\/so.ch\/verwaltung\/bau-und-justizdepartement\/amt-fuer-umwelt\/luft-laerm-strahlung\/luftreinhaltung\/\" target=\"_blank\" rel=\"noopener\">Kanton Solothurn: so.ch\/verwaltung\/bauund-justizdepartement\/amt-fuer-umwelt\/<\/a><\/p>\t\t\t\t\t\t<\/div>\n\t\t\t\t<\/div>\n\t\t\t\t\t<\/div>\n\t\t<\/div>\n\t\t\t\t\t\t\t<\/div>\n\t\t<\/section>\n\t\t\t\t<section class=\"elementor-section elementor-top-section elementor-element elementor-element-929644d elementor-section-boxed elementor-section-height-default elementor-section-height-default\" data-id=\"929644d\" data-element_type=\"section\">\n\t\t\t\t\t\t<div class=\"elementor-container elementor-column-gap-default\">\n\t\t\t\t\t<div class=\"elementor-column elementor-col-100 elementor-top-column elementor-element elementor-element-b57c61d\" data-id=\"b57c61d\" data-element_type=\"column\">\n\t\t\t<div class=\"elementor-widget-wrap\">\n\t\t\t\t\t\t\t\t\t<\/div>\n\t\t<\/div>\n\t\t\t\t\t\t\t<\/div>\n\t\t<\/section>\n\t\t\t\t\t\t\t<\/div>\n\t\t","protected":false},"excerpt":{"rendered":"<p>\u2014 LIENS SUPPL\u00c9MENTAIRES \u2014 INFORMATIONS COMPL\u00c9MENTAIRES Donn\u00e9es actuelles sur la qualit\u00e9 de l\u2019air \u2013 www.luftqualitaet.ch (AG, BE, BL, BS, JU, SO)\u2013 Application \u00abairCHeck\u00bb\u2013 Application de M\u00e9t\u00e9oSuisse (contient d\u00e9sormaisdes informations sur la qualit\u00e9 de l\u2019air)\u2013 Espace du Rhin sup\u00e9rieur: www.luft-am-oberrhein.net Autres informations sur la qualit\u00e9 de l\u2019air \u2013 www.feinstaub.ch\u2013 www.ozon-info.ch\u2013 www.bafu.admin.ch\/air\u2013 www.explor-air.ch\u2013 www.swisstph.ch\/de\/projects\/ludok\/healtheffects\/\u2013 Kanton Aargau: www.ag.ch\/umwelt\u2013 [&hellip;]<\/p>\n","protected":false},"author":1,"featured_media":0,"parent":0,"menu_order":0,"comment_status":"closed","ping_status":"closed","template":"","meta":{"footnotes":""},"class_list":["post-633","page","type-page","status-publish","hentry","entry"],"_links":{"self":[{"href":"https:\/\/berichte.luftqualitaet.ch\/22\/wp-json\/wp\/v2\/pages\/633","targetHints":{"allow":["GET"]}}],"collection":[{"href":"https:\/\/berichte.luftqualitaet.ch\/22\/wp-json\/wp\/v2\/pages"}],"about":[{"href":"https:\/\/berichte.luftqualitaet.ch\/22\/wp-json\/wp\/v2\/types\/page"}],"author":[{"embeddable":true,"href":"https:\/\/berichte.luftqualitaet.ch\/22\/wp-json\/wp\/v2\/users\/1"}],"replies":[{"embeddable":true,"href":"https:\/\/berichte.luftqualitaet.ch\/22\/wp-json\/wp\/v2\/comments?post=633"}],"version-history":[{"count":33,"href":"https:\/\/berichte.luftqualitaet.ch\/22\/wp-json\/wp\/v2\/pages\/633\/revisions"}],"predecessor-version":[{"id":1624,"href":"https:\/\/berichte.luftqualitaet.ch\/22\/wp-json\/wp\/v2\/pages\/633\/revisions\/1624"}],"wp:attachment":[{"href":"https:\/\/berichte.luftqualitaet.ch\/22\/wp-json\/wp\/v2\/media?parent=633"}],"curies":[{"name":"wp","href":"https:\/\/api.w.org\/{rel}","templated":true}]}}